{"id":3160,"date":"2014-11-17T20:32:43","date_gmt":"2014-11-17T20:32:43","guid":{"rendered":"http:\/\/delucine.com\/un-autre-monde\/?page_id=3160"},"modified":"2025-06-28T21:21:59","modified_gmt":"2025-06-28T21:21:59","slug":"3160-2","status":"publish","type":"page","link":"https:\/\/delucine.com\/un-autre-monde\/","title":{"rendered":""},"content":{"rendered":"\n<div class=\"wp-block-themepunch-revslider revslider\" data-modal=\"false\" data-slidertitle=\"homepage\" style=\"\">\n\t\t\t<!-- START homepage REVOLUTION SLIDER 6.6.8 --><p class=\"rs-p-wp-fix\"><\/p>\n\t\t\t<rs-module-wrap id=\"rev_slider_11_1_wrapper\" data-source=\"gallery\" style=\"visibility:hidden;background:transparent;padding:0;\">\n\t\t\t\t<rs-module id=\"rev_slider_11_1\" style=\"\" data-version=\"6.6.8\">\n\t\t\t\t\t<rs-slides style=\"overflow: hidden; position: absolute;\">\n\t\t\t\t\t\t<rs-slide style=\"position: absolute;\" data-key=\"rs-120\" data-title=\"Slide\" data-anim=\"ms:600;r:0;\" data-in=\"o:0;\" data-out=\"a:false;\">\n\t\t\t\t\t\t\t<img data-recalc-dims=\"1\" fetchpriority=\"high\" decoding=\"async\" src=\"https:\/\/i0.wp.com\/delucine.com\/un-autre-monde\/wp-content\/plugins\/revslider\/public\/assets\/assets\/dummy.png?resize=862.5%2C575\" alt=\"\" title=\"Karl-Gillebert-delucine-zzzeste-de-fraicheur-couleuvre-helvetique-0126\" width=\"862.5\" height=\"575\" class=\"rev-slidebg tp-rs-img rs-lazyload\" data-lazyload=\"\/\/delucine.com\/un-autre-monde\/wp-content\/uploads\/2022\/09\/Karl-Gillebert-delucine-zzzeste-de-fraicheur-couleuvre-helvetique-0126.jpg\" data-bg=\"f:contain;\" data-no-retina>\n<!---->\t\t\t\t\t\t<\/rs-slide>\n\t\t\t\t\t\t<rs-slide style=\"position: absolute;\" data-key=\"rs-135\" data-title=\"Slide\" data-anim=\"ms:600;r:0;\" data-in=\"o:0;\" data-out=\"a:false;\">\n\t\t\t\t\t\t\t<img data-recalc-dims=\"1\" decoding=\"async\" src=\"https:\/\/i0.wp.com\/delucine.com\/un-autre-monde\/wp-content\/plugins\/revslider\/public\/assets\/assets\/dummy.png?resize=862.5%2C575\" alt=\"\" title=\"Karl-Gillebert-delucine-kermit-en-orbit-salamandre-tachetee-salamandra-salamandra-0033\" width=\"862.5\" height=\"575\" class=\"rev-slidebg tp-rs-img rs-lazyload\" data-lazyload=\"\/\/delucine.com\/un-autre-monde\/wp-content\/uploads\/2022\/09\/Karl-Gillebert-delucine-kermit-en-orbit-salamandre-tachetee-salamandra-salamandra-0033.jpg\" data-bg=\"f:contain;\" data-no-retina>\n<!---->\t\t\t\t\t\t<\/rs-slide>\n\t\t\t\t\t\t<rs-slide style=\"position: absolute;\" data-key=\"rs-138\" data-title=\"Slide\" data-anim=\"ms:600;r:0;\" data-in=\"o:0;\" data-out=\"a:false;\">\n\t\t\t\t\t\t\t<img data-recalc-dims=\"1\" decoding=\"async\" src=\"https:\/\/i0.wp.com\/delucine.com\/un-autre-monde\/wp-content\/plugins\/revslider\/public\/assets\/assets\/dummy.png?resize=862.5%2C575\" alt=\"\" title=\"Renard roux (Vulpes vulpes)\" width=\"862.5\" height=\"575\" class=\"rev-slidebg tp-rs-img rs-lazyload\" data-lazyload=\"\/\/delucine.com\/un-autre-monde\/wp-content\/uploads\/2014\/06\/delucine-renard-roux-2.jpg\" data-bg=\"f:contain;\" data-no-retina>\n<!---->\t\t\t\t\t\t<\/rs-slide>\n\t\t\t\t\t\t<rs-slide style=\"position: absolute;\" data-key=\"rs-137\" data-title=\"Slide\" data-anim=\"ms:600;r:0;\" data-in=\"o:0;\" data-out=\"a:false;\">\n\t\t\t\t\t\t\t<img data-recalc-dims=\"1\" loading=\"lazy\" decoding=\"async\" src=\"https:\/\/i0.wp.com\/delucine.com\/un-autre-monde\/wp-content\/plugins\/revslider\/public\/assets\/assets\/dummy.png?resize=862.5%2C575\" alt=\"\" title=\"karl-gillebert-delucine-7511\" width=\"862.5\" height=\"575\" class=\"rev-slidebg tp-rs-img rs-lazyload\" data-lazyload=\"\/\/delucine.com\/un-autre-monde\/wp-content\/uploads\/2019\/07\/karl-gillebert-delucine-7511.jpg\" data-bg=\"f:contain;\" data-no-retina>\n<!---->\t\t\t\t\t\t<\/rs-slide>\n\t\t\t\t\t\t<rs-slide style=\"position: absolute;\" data-key=\"rs-136\" data-title=\"Slide\" data-anim=\"ms:600;r:0;\" data-in=\"o:0;\" data-out=\"a:false;\">\n\t\t\t\t\t\t\t<img data-recalc-dims=\"1\" loading=\"lazy\" decoding=\"async\" src=\"https:\/\/i0.wp.com\/delucine.com\/un-autre-monde\/wp-content\/plugins\/revslider\/public\/assets\/assets\/dummy.png?resize=862.5%2C575\" alt=\"\" title=\"1-IMG_1918-\" width=\"862.5\" height=\"575\" class=\"rev-slidebg tp-rs-img rs-lazyload\" data-lazyload=\"\/\/delucine.com\/un-autre-monde\/wp-content\/uploads\/2022\/04\/1-IMG_1918--scaled.jpg\" data-bg=\"f:contain;\" data-no-retina>\n<!---->\t\t\t\t\t\t<\/rs-slide>\n\t\t\t\t\t\t<rs-slide style=\"position: absolute;\" data-key=\"rs-122\" data-title=\"Slide\" data-anim=\"adpr:false;\">\n\t\t\t\t\t\t\t<img data-recalc-dims=\"1\" decoding=\"async\" src=\"https:\/\/i0.wp.com\/delucine.com\/un-autre-monde\/wp-content\/plugins\/revslider\/public\/assets\/assets\/dummy.png?w=862\" alt=\"\" class=\"rev-slidebg tp-rs-img rs-lazyload\" data-lazyload=\"\/\/delucine.com\/un-autre-monde\/wp-content\/uploads\/2015\/10\/delucine-grebe-castagneux.jpg\" data-bg=\"f:contain;\" data-no-retina>\n<!---->\t\t\t\t\t\t<\/rs-slide>\n\t\t\t\t\t\t<rs-slide style=\"position: absolute;\" data-key=\"rs-134\" data-title=\"Slide\" data-anim=\"adpr:false;\">\n\t\t\t\t\t\t\t<img data-recalc-dims=\"1\" decoding=\"async\" src=\"https:\/\/i0.wp.com\/delucine.com\/un-autre-monde\/wp-content\/plugins\/revslider\/public\/assets\/assets\/dummy.png?w=862\" alt=\"\" class=\"rev-slidebg tp-rs-img rs-lazyload\" data-lazyload=\"\/\/delucine.com\/un-autre-monde\/wp-content\/uploads\/2015\/10\/delucine-thecla-du-bouleau-1.jpg\" data-bg=\"f:contain;\" data-no-retina>\n<!---->\t\t\t\t\t\t<\/rs-slide>\n\t\t\t\t\t\t<rs-slide style=\"position: absolute;\" data-key=\"rs-123\" data-title=\"Slide\" data-anim=\"adpr:false;\">\n\t\t\t\t\t\t\t<img data-recalc-dims=\"1\" decoding=\"async\" src=\"https:\/\/i0.wp.com\/delucine.com\/un-autre-monde\/wp-content\/plugins\/revslider\/public\/assets\/assets\/dummy.png?w=862\" alt=\"\" class=\"rev-slidebg tp-rs-img rs-lazyload\" data-lazyload=\"\/\/delucine.com\/un-autre-monde\/wp-content\/uploads\/2015\/10\/delucine-guepier-d-europe.jpg\" data-bg=\"f:contain;\" data-no-retina>\n<!---->\t\t\t\t\t\t<\/rs-slide>\n\t\t\t\t\t\t<rs-slide style=\"position: absolute;\" data-key=\"rs-125\" data-title=\"Slide\" data-anim=\"adpr:false;\">\n\t\t\t\t\t\t\t<img data-recalc-dims=\"1\" decoding=\"async\" src=\"https:\/\/i0.wp.com\/delucine.com\/un-autre-monde\/wp-content\/plugins\/revslider\/public\/assets\/assets\/dummy.png?w=862\" alt=\"\" class=\"rev-slidebg tp-rs-img rs-lazyload\" data-lazyload=\"\/\/delucine.com\/un-autre-monde\/wp-content\/uploads\/2015\/10\/delucine-moineau-domestique.jpg\" data-bg=\"f:contain;\" data-no-retina>\n<!---->\t\t\t\t\t\t<\/rs-slide>\n\t\t\t\t\t<\/rs-slides>\n\t\t\t\t<\/rs-module>\n\t\t\t\t<script>\n\t\t\t\t\tsetREVStartSize({c: 'rev_slider_11_1',rl:[1240,1024,1024,1024],el:[0,768,768,768],gw:[0,1024,1024,1024],gh:[0,768,768,768],type:'standard',justify:'',layout:'fullscreen',offsetContainer:'',offset:'',mh:\"0\"});if (window.RS_MODULES!==undefined && window.RS_MODULES.modules!==undefined && window.RS_MODULES.modules[\"revslider111\"]!==undefined) {window.RS_MODULES.modules[\"revslider111\"].once = false;window.revapi11 = undefined;if (window.RS_MODULES.checkMinimal!==undefined) window.RS_MODULES.checkMinimal()}\n\t\t\t\t<\/script>\n\t\t\t<\/rs-module-wrap>\n\t\t\t<!-- END REVOLUTION SLIDER -->\n<\/div>\n\n\n\n<div style=\"height:45px\" aria-hidden=\"true\" class=\"wp-block-spacer\"><\/div>\n\n\n\n<hr class=\"wp-block-separator has-alpha-channel-opacity\"\/>\n\n\n\n<div style=\"height:45px\" aria-hidden=\"true\" class=\"wp-block-spacer\"><\/div>\n\n\n\n<h2 class=\"wp-block-heading has-large-font-size\"><strong><em>On n\u2019a pas deux c\u0153urs,<\/em>&nbsp;<em>l\u2019un pour l\u2019homme, l\u2019autre pour l\u2019animal\u2026<\/em><br><em>On a du c\u0153ur ou on n\u2019en a pas<\/em><\/strong><\/h2>\n\n\n\n<h2 class=\"wp-block-heading has-large-font-size\"><em>comme disait le po\u00e8te&nbsp;<strong>Lamartine<\/strong>.<\/em><\/h2>\n\n\n\n<div style=\"height:45px\" aria-hidden=\"true\" class=\"wp-block-spacer\"><\/div>\n\n\n\n<hr class=\"wp-block-separator has-alpha-channel-opacity\"\/>\n\n\n\n<div style=\"height:45px\" aria-hidden=\"true\" class=\"wp-block-spacer\"><\/div>\n\n\n\n<h2 class=\"wp-block-heading has-text-align-center\"><strong>Vid\u00e9os naturalistes p\u00e9dagogiques<\/strong><\/h2>\n\n\n\n<p class=\"has-text-align-center\">Plus de vid\u00e9os sur le site de Vision Turquoise, <a rel=\"noreferrer noopener\" href=\"http:\/\/visionturquoise.com\/\" target=\"_blank\">cliquez ici<\/a><\/p>\n\n\n\n<div style=\"height:29px\" aria-hidden=\"true\" class=\"wp-block-spacer\"><\/div>\n\n\n\n<div class=\"wp-block-columns is-layout-flex wp-container-core-columns-is-layout-9d6595d7 wp-block-columns-is-layout-flex\">\n<div class=\"wp-block-column is-layout-flow wp-block-column-is-layout-flow\">\n<figure class=\"wp-block-embed is-type-video is-provider-youtube wp-block-embed-youtube wp-embed-aspect-16-9 wp-has-aspect-ratio\"><div class=\"wp-block-embed__wrapper\">\n<iframe title=\"Vision turquoise ; Identification: la grande tortue et la petite tortue\" width=\"862\" height=\"485\" src=\"https:\/\/www.youtube.com\/embed\/de1-xFxwdRQ?feature=oembed\" frameborder=\"0\" allow=\"accelerometer; autoplay; clipboard-write; encrypted-media; gyroscope; picture-in-picture; web-share\" allowfullscreen><\/iframe>\n<\/div><\/figure>\n<\/div>\n\n\n\n<div class=\"wp-block-column is-layout-flow wp-block-column-is-layout-flow\">\n<figure class=\"wp-block-embed is-type-video is-provider-youtube wp-block-embed-youtube wp-embed-aspect-16-9 wp-has-aspect-ratio\"><div class=\"wp-block-embed__wrapper\">\n<iframe title=\"vision turquoise le fantome des marais le butor etoile\" width=\"862\" height=\"485\" src=\"https:\/\/www.youtube.com\/embed\/K4Fyp96z7Ms?feature=oembed\" frameborder=\"0\" allow=\"accelerometer; autoplay; clipboard-write; encrypted-media; gyroscope; picture-in-picture; web-share\" allowfullscreen><\/iframe>\n<\/div><\/figure>\n<\/div>\n<\/div>\n","protected":false},"excerpt":{"rendered":"<p>On n\u2019a pas deux c\u0153urs,&nbsp;l\u2019un pour l\u2019homme, l\u2019autre pour l\u2019animal\u2026On a du c\u0153ur ou on n\u2019en a pas comme disait le po\u00e8te&nbsp;Lamartine. Vid\u00e9os naturalistes p\u00e9dagogiques Plus de vid\u00e9os sur le site de Vision Turquoise, cliquez ici<\/p>\n","protected":false},"author":1,"featured_media":0,"parent":0,"menu_order":42,"comment_status":"closed","ping_status":"closed","template":"","meta":{"footnotes":""},"class_list":["post-3160","page","type-page","status-publish","hentry"],"jetpack_sharing_enabled":true,"_links":{"self":[{"href":"https:\/\/delucine.com\/un-autre-monde\/wp-json\/wp\/v2\/pages\/3160","targetHints":{"allow":["GET"]}}],"collection":[{"href":"https:\/\/delucine.com\/un-autre-monde\/wp-json\/wp\/v2\/pages"}],"about":[{"href":"https:\/\/delucine.com\/un-autre-monde\/wp-json\/wp\/v2\/types\/page"}],"author":[{"embeddable":true,"href":"https:\/\/delucine.com\/un-autre-monde\/wp-json\/wp\/v2\/users\/1"}],"replies":[{"embeddable":true,"href":"https:\/\/delucine.com\/un-autre-monde\/wp-json\/wp\/v2\/comments?post=3160"}],"version-history":[{"count":17,"href":"https:\/\/delucine.com\/un-autre-monde\/wp-json\/wp\/v2\/pages\/3160\/revisions"}],"predecessor-version":[{"id":15126,"href":"https:\/\/delucine.com\/un-autre-monde\/wp-json\/wp\/v2\/pages\/3160\/revisions\/15126"}],"wp:attachment":[{"href":"https:\/\/delucine.com\/un-autre-monde\/wp-json\/wp\/v2\/media?parent=3160"}],"curies":[{"name":"wp","href":"https:\/\/api.w.org\/{rel}","templated":true}]}}