{"id":2990,"date":"2014-11-02T14:36:43","date_gmt":"2014-11-02T14:36:43","guid":{"rendered":"http:\/\/delucine.com\/un-autre-monde\/?page_id=2990"},"modified":"2014-11-02T14:43:45","modified_gmt":"2014-11-02T14:43:45","slug":"festival-de-la-photo-animaliere-lpo-2012","status":"publish","type":"page","link":"https:\/\/delucine.com\/un-autre-monde\/festival-de-la-photo-animaliere-lpo-2012\/","title":{"rendered":"Festival de la photo animali\u00e8re"},"content":{"rendered":"<h1>Festival de la photo animali\u00e8re\u00a02012<\/h1>\n<p>Exposition au\u00a01er Festival de la photo animali\u00e8re r\u00e9alis\u00e9 par la LPO Pas-de-Calais \u00e0 Arques.<br \/>Pour le Centenaire de la LPO.<\/p>\n<p><img data-recalc-dims=\"1\" fetchpriority=\"high\" decoding=\"async\" class=\"wp-image-1007\" src=\"https:\/\/i0.wp.com\/delucine.com\/un-autre-monde\/wp-content\/uploads\/2013\/12\/delucine-festival-centenaire-lpo-2.jpg?resize=600%2C450\" alt=\"Centenaire de la LPO \u2013 Festival de la photo animali\u00e8re\" width=\"600\" height=\"450\" data-id=\"1007\" srcset=\"https:\/\/i0.wp.com\/delucine.com\/un-autre-monde\/wp-content\/uploads\/2013\/12\/delucine-festival-centenaire-lpo-2.jpg?w=768&amp;ssl=1 768w, https:\/\/i0.wp.com\/delucine.com\/un-autre-monde\/wp-content\/uploads\/2013\/12\/delucine-festival-centenaire-lpo-2.jpg?resize=300%2C225&amp;ssl=1 300w, https:\/\/i0.wp.com\/delucine.com\/un-autre-monde\/wp-content\/uploads\/2013\/12\/delucine-festival-centenaire-lpo-2.jpg?resize=600%2C450&amp;ssl=1 600w\" sizes=\"(max-width: 600px) 100vw, 600px\" \/><\/p>\n<p><img data-recalc-dims=\"1\" decoding=\"async\" class=\"wp-image-1006\" src=\"https:\/\/i0.wp.com\/delucine.com\/un-autre-monde\/wp-content\/uploads\/2013\/12\/delucine-festival-centenaire-lpo.jpg?resize=600%2C450\" alt=\"Centenaire de la LPO \u2013 Festival de la photo animali\u00e8re\" width=\"600\" height=\"450\" data-id=\"1006\" srcset=\"https:\/\/i0.wp.com\/delucine.com\/un-autre-monde\/wp-content\/uploads\/2013\/12\/delucine-festival-centenaire-lpo.jpg?w=768&amp;ssl=1 768w, https:\/\/i0.wp.com\/delucine.com\/un-autre-monde\/wp-content\/uploads\/2013\/12\/delucine-festival-centenaire-lpo.jpg?resize=300%2C225&amp;ssl=1 300w, https:\/\/i0.wp.com\/delucine.com\/un-autre-monde\/wp-content\/uploads\/2013\/12\/delucine-festival-centenaire-lpo.jpg?resize=600%2C450&amp;ssl=1 600w\" sizes=\"(max-width: 600px) 100vw, 600px\" \/><\/p>\n<p><img data-recalc-dims=\"1\" decoding=\"async\" class=\"alignnone size-full wp-image-1002\" src=\"https:\/\/i0.wp.com\/delucine.com\/un-autre-monde\/wp-content\/uploads\/2012\/05\/delucine-lpo-centenaire.jpg?resize=400%2C193\" alt=\"Centenaire de la LPO \u2013 Festival de la photo animali\u00e8re\" width=\"400\" height=\"193\" data-id=\"1002\" srcset=\"https:\/\/i0.wp.com\/delucine.com\/un-autre-monde\/wp-content\/uploads\/2012\/05\/delucine-lpo-centenaire.jpg?w=400&amp;ssl=1 400w, https:\/\/i0.wp.com\/delucine.com\/un-autre-monde\/wp-content\/uploads\/2012\/05\/delucine-lpo-centenaire.jpg?resize=300%2C144&amp;ssl=1 300w\" sizes=\"(max-width: 400px) 100vw, 400px\" \/><\/p>\n","protected":false},"excerpt":{"rendered":"<p>Festival de la photo animali\u00e8re\u00a02012 Exposition au\u00a01er Festival de la photo animali\u00e8re r\u00e9alis\u00e9 par la LPO Pas-de-Calais \u00e0 Arques.Pour le Centenaire de la LPO.<\/p>\n","protected":false},"author":1,"featured_media":1005,"parent":0,"menu_order":47,"comment_status":"closed","ping_status":"closed","template":"","meta":{"footnotes":""},"class_list":["post-2990","page","type-page","status-publish","has-post-thumbnail","hentry"],"jetpack_sharing_enabled":true,"_links":{"self":[{"href":"https:\/\/delucine.com\/un-autre-monde\/wp-json\/wp\/v2\/pages\/2990","targetHints":{"allow":["GET"]}}],"collection":[{"href":"https:\/\/delucine.com\/un-autre-monde\/wp-json\/wp\/v2\/pages"}],"about":[{"href":"https:\/\/delucine.com\/un-autre-monde\/wp-json\/wp\/v2\/types\/page"}],"author":[{"embeddable":true,"href":"https:\/\/delucine.com\/un-autre-monde\/wp-json\/wp\/v2\/users\/1"}],"replies":[{"embeddable":true,"href":"https:\/\/delucine.com\/un-autre-monde\/wp-json\/wp\/v2\/comments?post=2990"}],"version-history":[{"count":5,"href":"https:\/\/delucine.com\/un-autre-monde\/wp-json\/wp\/v2\/pages\/2990\/revisions"}],"predecessor-version":[{"id":2996,"href":"https:\/\/delucine.com\/un-autre-monde\/wp-json\/wp\/v2\/pages\/2990\/revisions\/2996"}],"wp:featuredmedia":[{"embeddable":true,"href":"https:\/\/delucine.com\/un-autre-monde\/wp-json\/wp\/v2\/media\/1005"}],"wp:attachment":[{"href":"https:\/\/delucine.com\/un-autre-monde\/wp-json\/wp\/v2\/media?parent=2990"}],"curies":[{"name":"wp","href":"https:\/\/api.w.org\/{rel}","templated":true}]}}

Festival de la photo animalière

<h1>Festival de la photo animalière 2012</h1>
<p>Exposition au 1er Festival de la photo animalière réalisé par la LPO Pas-de-Calais à Arques.<br />Pour le Centenaire de la LPO.</p>
<p><img data-recalc-dims="1" fetchpriority="high" decoding="async" class="wp-image-1007" src="https://i0.wp.com/delucine.com/un-autre-monde/wp-content/uploads/2013/12/delucine-festival-centenaire-lpo-2.jpg?resize=600%2C450" alt="Centenaire de la LPO – Festival de la photo animalière" width="600" height="450" data-id="1007" srcset="https://i0.wp.com/delucine.com/un-autre-monde/wp-content/uploads/2013/12/delucine-festival-centenaire-lpo-2.jpg?w=768&amp;ssl=1 768w, https://i0.wp.com/delucine.com/un-autre-monde/wp-content/uploads/2013/12/delucine-festival-centenaire-lpo-2.jpg?resize=300%2C225&amp;ssl=1 300w, https://i0.wp.com/delucine.com/un-autre-monde/wp-content/uploads/2013/12/delucine-festival-centenaire-lpo-2.jpg?resize=600%2C450&amp;ssl=1 600w" sizes="(max-width: 600px) 100vw, 600px" /></p>
<p><img data-recalc-dims="1" decoding="async" class="wp-image-1006" src="https://i0.wp.com/delucine.com/un-autre-monde/wp-content/uploads/2013/12/delucine-festival-centenaire-lpo.jpg?resize=600%2C450" alt="Centenaire de la LPO – Festival de la photo animalière" width="600" height="450" data-id="1006" srcset="https://i0.wp.com/delucine.com/un-autre-monde/wp-content/uploads/2013/12/delucine-festival-centenaire-lpo.jpg?w=768&amp;ssl=1 768w, https://i0.wp.com/delucine.com/un-autre-monde/wp-content/uploads/2013/12/delucine-festival-centenaire-lpo.jpg?resize=300%2C225&amp;ssl=1 300w, https://i0.wp.com/delucine.com/un-autre-monde/wp-content/uploads/2013/12/delucine-festival-centenaire-lpo.jpg?resize=600%2C450&amp;ssl=1 600w" sizes="(max-width: 600px) 100vw, 600px" /></p>
<p><img data-recalc-dims="1" decoding="async" class="alignnone size-full wp-image-1002" src="https://i0.wp.com/delucine.com/un-autre-monde/wp-content/uploads/2012/05/delucine-lpo-centenaire.jpg?resize=400%2C193" alt="Centenaire de la LPO – Festival de la photo animalière" width="400" height="193" data-id="1002" srcset="https://i0.wp.com/delucine.com/un-autre-monde/wp-content/uploads/2012/05/delucine-lpo-centenaire.jpg?w=400&amp;ssl=1 400w, https://i0.wp.com/delucine.com/un-autre-monde/wp-content/uploads/2012/05/delucine-lpo-centenaire.jpg?resize=300%2C144&amp;ssl=1 300w" sizes="(max-width: 400px) 100vw, 400px" /></p>

<p>Festival de la photo animalière 2012 Exposition au 1er Festival de la photo animalière réalisé par la LPO Pas-de-Calais à Arques.Pour le Centenaire de la LPO.</p>
